-5. Let c be i(l). Let t(k) = k**2 + 6*k + 5. Calculate t(c).
0
Suppose 0 = 5*i - 4*j - 36, -2*j - 9 = -1. Let s(d) = -5*d**2 + i*d**3 - 5 - 3*d**3 - 5*d + 4. What is s(6)?
5
Let n = 2 - 0. Let i(f) = -1 + 0 - f**n - 2 - 5*f - 4. What is i(-5)?
-7
Let j(b) = -b + 5. Let m(u) = u**2 + 6*u + 3. Let w(f) = -f**3 - 7*f**2 - 4*f + 8. Let i be w(-6). Let o be m(i). Give j(o).
10
Let v(g) = 2*g - 6. Suppose 2*q + 44 = 3*z, -5*z = -2*q - z - 48. Let x be ((-3)/(-2))/((-6)/q). Determine v(x).
2
Let l(c) = c**2 - 2*c - 2. Suppose -2*g + g - 7 = -k, -5*g + 5 = 5*k. Suppose -4*b = -4*m - 28, k*m = -2*b - 2*b - 52. Let o be (-6)/10*m/2. Determine l(o).
1
Suppose -5*o = -t + 11, -6*o + o - 27 = 3*t. Let p(w) = 6*w - 4. Calculate p(o).
-22
Let o(u) = -u**3 - u**2 + u + 1. Let n(d) = 7*d**3 + 2*d**2 - 3*d - 9. Let j(h) = -n(h) - 6*o(h). Determine j(4).
-9
Let d(a) = -a**3 + 5*a**2 - 1. Let y = -71 + 76. Give d(y).
-1
Let x(y) = -y**3 - 4*y**2 + 2*y + 4. Let t be 4/(1 - 2/1). Let s be (2/t)/(2/16). Let v be (s/(-2))/((-4)/8). Determine x(v).
-4
Let y = 0 - -5. Let t(l) = 3*l**2 - l - 18. Let z(d) = -d**2 + 6. Let i(h) = 3*t(h) + 8*z(h). Give i(y).
4
Let o(l) = l**2 - 2 + 1 - 5*l**2. Let k = 45 - 44. What is o(k)?
-5
Let h(r) = 8*r**2 - 6*r**3 + 12*r - 8 - 13*r + 7*r**3. What is h(-8)?
0
Let g(t) be the second derivative of 5/6*t**3 - 3/2*t**2 + 3*t - 1/12*t**4 + 0. Calculate g(4).
1
Let i(o) = 0 - 2 - o**2 + 7 + 0 - 4*o. Let l = 2 - 0. Let n = l + -6. Calculate i(n).
5
Let c(f) = 21*f - 6. Let k(q) = 4*q - 1. Let y(b) = -2*c(b) + 11*k(b). Calculate y(-1).
-1
Let s(d) be the first derivative of -3 - d - 1/2*d**2. Give s(6).
-7
Let l(q) = 4*q - 4. Let y(d) = 3*d - 3. Let w(v) = -4*l(v) + 5*y(v). Suppose 3*j = -0*j. Give w(j).
1
Let s(g) = 2*g - 3. Let q(j) = 5*j - 5. Suppose 14 = -0*o - 2*o - 2*m, -4*o + 4*m - 28 = 0. Let r(b) = o*s(b) + 4*q(b). Give r(-2).
-11
Let v = 9 - 5. Let u be 2/8 + 19/v. Suppose u*w + 5*s - 11 = -56, -2*w - s - 13 = 0. Let l(x) = x**3 + 5*x**2 + 6*x + 4. Give l(w).
-4
Suppose 3*a - 2 - 4 = 0. Suppose -t - t + 12 = -a*z, -2*t = -3*z - 17. Let l(o) = -85 + 3*o**2 + 92 - 2*o**2 + 5*o. Give l(z).
7
Suppose -4*g + 10 = 5*c, c - g - 2 = -0*g. Let o(r) = r**2 - 6*r**3 + 0*r**c + 4*r**3 - 6*r**3 - 1 + r. Give o(1).
-7
Let k(t) = 3*t - 2. Suppose 5*u - 6 = -z, 26 = -2*u + 7*u - 4*z. What is k(u)?
4
Let y be 14 + 27/((-12)/4). Let x(d) = 7*d - 7. Let b(w) be the third derivative of w**4/6 - 2*w**3/3 - w**2. Let l(q) = 11*b(q) - 6*x(q). Calculate l(y).
8
Let c(f) = -6 + 2*f + 0 + 4*f - f**2. Suppose -37 + 12 = -5*i. Calculate c(i).
-1
Let b(f) = f**3 + 8*f**2 - 3*f + 3. Let g(j) be the first derivative of -j**4/4 - 7*j**3/3 + j**2 - 3*j - 3. Let k(w) = -5*b(w) - 6*g(w). Determine k(-3).
-15
Let p = 5 - 2. Let i(g) = -g**2 + 5*g - 2. Give i(p).
4
Let d(g) be the third derivative of g**5/30 + g**4/8 - g**3/6 + 4*g**2. Calculate d(-3).
8
Let i(l) = l - 2. Let w be i(-2). Let j be (4/8)/((-1)/(-10)). Let t(d) = -4*d**2 + 2*d**2 + d**2 - 3*d + j. Determine t(w).
1
Let l(r) = 9*r**2 + 8*r - r**3 - 6 - 6*r**2 - r. Give l(4).
6
Let f(o) = o**2 + 4*o - 5. Let a = -37 - -21. Let q = 11 + a. What is f(q)?
0
Suppose -2*d + 9 - 1 = 2*h, 0 = -2*d + 4. Let y(x) be the first derivative of -x**2 - 2*x - 1. What is y(h)?
-6
Let j = -5 - -10. Let a(b) = b + 17. Let o(k) = 2*k + 42. Let y = -10 + -2. Let m(l) = j*o(l) + y*a(l). What is m(4)?
-2
Let n(d) = 0*d**2 + 1 + 2*d**2 + 5*d**2 - 2*d - 6*d**2. Calculate n(2).
1
Let s(u) = u**2 - 8*u - 3. Let i = 11 - 6. Give s(i).
-18
Suppose 4*y + 4 = -3*l, -2*y + 4*l + 1 - 3 = 0. Let g(o) be the third derivative of 11*o**6/120 - o**5/60 - o**2. Calculate g(y).
-12
Let t(m) be the second derivative of -m**4/12 - 5*m**3/6 + 7*m**2/2 + m. Suppose 5*j - 2*j + 15 = 0. Calculate t(j).
7
Let x(b) be the third derivative of -b**5/60 + 3*b**4/8 - 4*b**3/3 + 4*b**2. Calculate x(8).
0
Let l(f) = -f**2 - 10*f + 16. Let p be l(-11). Let o(b) = -b**2 + 6*b - 7. Give o(p).
-2
Let s(p) = -2*p**3 + 3*p**2 - 3*p + 0*p**2 + 0*p**3. Suppose -4*y + 3 = -c, -4*y - 7 = -9*c + 6*c. Give s(y).
-10
Let c(s) = s + 4. Let o = -18 - -12. Let y be (-2)/(-7) - o/(-21). Give c(y).
4
Let a(k) = 1 - 5*k**2 + 11*k**2 - 7*k**2 - 2. Give a(2).
-5
Let v(b) = -4*b**2 - 3*b - 1. Let a(x) = x**2. Let i(f) = -5*a(f) - v(f). Determine i(4).
-3
Let h(t) = -40 + 8*t + 40. Let m = -2 + 1. What is h(m)?
-8
Let v(u) = -u**2 - u + 2. Suppose r + 3 = -t, -6*r + 2*r - 2*t = 6. Determine v(r).
2
Let s(g) = 1 + 1 - 6*g + 3*g + 3. Let i be -2*(-2 - -3) + 7. Give s(i).
-10
Let j(b) = 30*b. Let z(t) be the first derivative of -t**5/40 - t**3/3 - 1. Let f(u) be the third derivative of z(u). Let l(s) = 21*f(s) + 2*j(s). Give l(-3).
9
Suppose 4*p = -9 - 51. Let c be p/(-10)*(3 + -1). Let h(y) = -y + 5. Calculate h(c).
2
Let k(f) = f - 4. Let q = 14 + -6. Suppose q*d = 3*d + 30. Determine k(d).
2
Let j(i) = -4 - 16*i - 12*i**3 - 8*i**2 + 13*i**3 + 7*i. Determine j(9).
-4
Let x(p) be the first derivative of -1 - 1/2*p**2 - 4*p. Let c = 4 + -7. Determine x(c).
-1
Let p(m) be the first derivative of m**4/2 - m**3/3 - 49. What is p(-1)?
-3
Let l(m) = -4 - 1 + 49*m**2 - 2*m + 2 - 50*m**2. Calculate l(-4).
-11
Let o(g) be the third derivative of g**7/2520 + g**6/120 - g**5/60 - g**4/6 - 2*g**2. Let m(d) be the second derivative of o(d). What is m(-6)?
-2
Let x = -35 - -35. Let f(p) be the second derivative of -2*p + 1/3*p**4 + 0*p**3 + x + 0*p**2. Determine f(1).
4
Let f(h) = 2*h. Let w be 3/6 - (28/(-8) + 3). Determine f(w).
2
Let o(h) = -h**3 - 5*h**2 - h. Let r = 13 + 2. Let k be ((-14)/(-42))/((-1)/r). Give o(k).
5
Let i be -1 - -2 - (-2 + -2). Suppose -3*t = -2*t + i*c + 13, -c - 3 = 0. Let u(w) = 2*w**3 - 2*w**2 - 2*w + 2. Calculate u(t).
6
Suppose p = 2*p - 9. Let w(g) = g - 5*g + 3*g - p. Suppose -5*u = 28 - 8. Determine w(u).
-5
Let r(p) be the third derivative of -p**4/24 - p**3/6 - 33*p**2. Calculate r(4).
-5
Let i(j) be the second derivative of -4*j**4/3 - j**3/3 - j**2/2 + 27*j. Give i(-1).
-15
Suppose -37*v = -36*v. Let u(q) = -q**3 - q**2. Determine u(v).
0
Let w(s) be the first derivative of 2*s**2 + s - 16. Calculate w(-4).
-15
Let u(v) = 2*v. Let s(l) be the second derivative of l**3/3 - 2*l**2 + l. Let p = 11 + -8. Let r be s(p). Determine u(r).
4
Let l(p) = p**3 + 5*p**2 - 2*p - 7. Let i be l(-5). Let t be (-28)/6 + (-1)/i. Let m(u) = -10*u**2 + 14*u**2 - 4*u**2 + 6*u - u**3 - 4*u**2. Calculate m(t).
-5
Let h(z) = z - 7. Let r(d) = 3*d - 21. Let k(g) = 17*h(g) - 6*r(g). Give k(5).
2
Let d(r) be the third derivative of -r**6/120 + r**5/15 - r**4/12 - r**3/6 - r**2. Let j be 2/6 + (-1)/3. Suppose 3 = -j*y + y. Calculate d(y).
2
Let x(v) = -v - 6. Let c(i) = -2*i**2 + 15*i - 39. Let l be c(4). Give x(l).
5
Let s(c) = -5 + 3 + 2 - 2*c - 5. Determine s(-4).
3
Let i(n) = -2*n**3 + n + 1. Let l be i(-1). Suppose 0 = 9*m - 4*m - 10. Let v(w) = 1 + 0*w**m - 2*w - 2*w**l - 2 + 3*w**2. Calculate v(3).
2
Let f(d) = d**2 + 4*d - 7. Let t be f(-5). Let s = 0 - t. Let j(r) = 8*r - 2 - s + 3. What is j(-1)?
-9
Let h = -1 + 4. Let d be (6/3 + -9)*-1. Let n(w) = -7 + w + d - 2. Give n(h).
1
Let o(u) = -u**3 - 16*u**2 - 13*u + 18. Let k be o(-15). Let g(d) = d**2 + 11*d - 16. Determine g(k).
-4
Let q be ((-78)/(-13))/(1 + 1). Let t(m) = -m**3 + 2*m**2 + 2. Calculate t(q).
-7
Let l be (-8)/(-10)*5/2. Suppose -n + m + 3 = 0, -l = -m - m. Let t(r) = -3*r**2 + r**2 - 5*r + r**2 - n. Calculate t(-4).
0
Suppose -5*k - 12 = -2. Let b(x) be the second derivative of x + 1/6*x**4 + 0 + x**2 + 2/3*x**3. Determine b(k).
2
Let c(m) = -6*m + 35. Let u(o) = o - 7. Let g(l) = 2*c(l) + 11*u(l). What is g(-5)?
-2
Let b(q) = 3*q - 5*q + 9*q. Let a(x) = x - 1. Let v(m) = 3*a(m) - b(m). Calculate v(-3).
9
Let k(l) = 3*l + 5. Let u(o) = -6*o - 11. Let v(i) = 7*k(i) + 3*u(i). Give v(-3).
-7
Let p be 54/10 - 4/10. Suppose -p*w - 3*g + 1 = 0, 1 = w - g - 4. Let y(x) = -3 - 3*x**w + 4 + 1 - x**3. What is y(-2)?
-2
Let h(k) = k**2 + 5*k + 3. Let n be (6/9)/(1/6). Let a = 10 + -6. Suppose -z - 11 = -n*u - 29, -33 = 5*u + a*z. What is h(u)?
3
Let m(h) be the second derivative of 0*h**2 + 1/6*h**3 - 3*h + 1/24*h**4 + 0 + 1/40*h**5. Let j(a) be the second derivative of m(a). Calculate j(-3).
-8
Let a(p) = -p + 5. L